What is the ten thousands digit of 122586?
2
What is the millions digit of 16501763?
6
What is the tens digit of 172538?
3
What is the hundreds digit of 592254?
2
What is the ten thousands digit of 5027590?
2
What is the thousands digit of 630757?
0
What is the millions digit of 3822046?
3
What is the hundreds digit of 274391?
3
What is the hundred thousands digit of 412101?
4
What is the ten thousands digit of 256902?
5
What is the hundreds digit of 305665?
6
What is the millions digit of 1505847?
1
What is the hundreds digit of 105449?
4
What is the millions digit of 4376706?
4
What is the millions digit of 6369350?
6
What is the ten thousands digit of 6112692?
1
What is the hundreds digit of 610744?
7
What is the thousands digit of 2047720?
7
What is the ten thousands digit of 717466?
1
What is the thousands digit of 525373?
5
What is the hundreds digit of 7056?
0
What is the thousands digit of 1082360?
2
What is the thousands digit of 739727?
9
What is the ten thousands digit of 2142279?
4
What is the hundred thousands digit of 799368?
7
What is the ten millions digit of 15695804?
1
What is the ten thousands digit of 552711?
5
What is the units digit of 301634?
4
What is the tens digit of 11670841?
4
What is the hundreds digit of 2539605?
6
What is the hundred thousands digit of 111614?
1
What is the units digit of 752284?
4
What is the millions digit of 3311800?
3
What is the units digit of 949267?
7
What is the ten thousands digit of 255169?
5
What is the tens digit of 121619?
1
What is the units digit of 369146?
6
What is the hundreds digit of 2388204?
2
What is the ten millions digit of 12912000?
1
What is the units digit of 255226?
6
What is the tens digit of 526597?
9
What is the hundred thousands digit of 4462221?
4
What is the tens digit of 41125088?
8
What is the hundreds digit of 248156?
1
What is the ten thousands digit of 1519356?
1
What is the tens digit of 74575?
7
What is the ten thousands digit of 177037?
7
What is the hundreds digit of 63637?
6
What is the hundreds digit of 122837?
8
What is the hundred thousands digit of 444428?
4
What is the thousands digit of 2705373?
5
What is the hundred thousands digit of 39648046?
6
What is the hundred thousands digit of 2935446?
9
What is the millions digit of 3289622?
3
What is the tens digit of 36193131?
3
What is the millions digit of 1265972?
1
What is the units digit of 5877281?
1
What is the hundred thousands digit of 177973?
1
What is the thousands digit of 3605088?
5
What is the units digit of 514243?
3
What is the ten millions digit of 22637356?
2
What is the ten thousands digit of 320317?
2
What is the units digit of 43293?
3
What is the hundreds digit of 220509?
5
What is the units digit of 55081?
1
What is the hundred thousands digit of 4955548?
9
What is the hundred thousands digit of 118730?
1
What is the tens digit of 19737026?
2
What is the thousands digit of 4236017?
6
What is the tens digit of 548167?
6
What is the thousands digit of 7126783?
6
What is the millions digit of 3595354?
3
What is the hundred thousands digit of 525112?
5
What is the hundreds digit of 6081?
0
What is the hundred thousands digit of 2955402?
9
What is the units digit of 2746908?
8
What is the hundreds digit of 2767?
7
What is the ten millions digit of 10412270?
1
What is the millions digit of 5591917?
5
What is the ten thousands digit of 37507127?
0
What is the thousands digit of 73359?
3
What is the hundred thousands digit of 310926?
3
What is the hundred thousands digit of 8435631?
4
What is the tens digit of 1376802?
0
What is the thousands digit of 219234?
9
What is the tens digit of 201253?
5
What is the tens digit of 1101757?
5
What is the hundreds digit of 3232770?
7
What is the units digit of 3474930?
0
What is the units digit of 230990?
0
What is the units digit of 8547521?
1
What is the thousands digit of 292383?
2
What is the thousands digit of 151434?
1
What is the units digit of 73436?
6
What is the tens digit of 2682065?
6
What is the millions digit of 1214600?
1
What is the units digit of 1203239?
9
What is the thousands digit of 7799513?
9
What is the units digit of 10882088?
8
What is the ten thousands digit of 167209?
6
What is the tens digit of 528872?
7
What is the thousands digit of 13653772?
3
What is the tens digit of 1403541?
4
What is the tens digit of 83805?
0
What is the ten thousands digit of 3601961?
0
What is the hundreds digit of 17353052?
0
What is the tens digit of 562088?
8
What is the hundreds digit of 191369?
3
What is the thousands digit of 3983588?
3
What is the tens digit of 4948809?
0
What is the hundreds digit of 8499307?
3
What is the hundreds digit of 11106033?
0
What is the tens digit of 183686?
8
What is the tens digit of 1707256?
5
What is the thousands digit of 214995?
4
What is the ten thousands digit of 882539?
8
What is the tens digit of 370626?
2
What is the tens digit of 6995966?
6
What is the tens digit of 312887?
8
What is the hundred thousands digit of 14847913?
8
What is the hundreds digit of 7135490?
4
What is the ten millions digit of 10802542?
1
What is the millions digit of 13760817?
3
What is the ten thousands digit of 45250?
4
What is the hundreds digit of 10999182?
1
What is the hundreds digit of 2270881?
8
What is the hundred thousands digit of 2040372?
0
What is the thousands digit of 547642?
7
What is the ten thousands digit of 3521670?
2
What is the millions digit of 2148321?
2
What is the hundred thousands digit of 259604?
2
What is the units digit of 188374?
4
What is the hundreds digit of 203091?
0
What is the hundred thousands digit of 5545478?
5
What is the ten thousands digit of 10519254?
1
What is the millions digit of 1654052?
1
What is the tens digit of 20772?
7
What is the ten thousands digit of 988260?
8
What is the ten thousands digit of 119483?
1
What is the ten thousands digit of 4733085?
3
What is the hundred thousands digit of 2339381?
3
What is the hundred thousands digit of 1716601?
7
What is the thousands digit of 5452155?
2
What is the tens digit of 399837?
3
What is the thousands digit of 8847603?
7
What is the ten thousands digit of 2765982?
6
What is the hundred thousands digit of 799355?
7
What is the tens digit of 1198468?
6
What is the units digit of 32022?
2
What is the thousands digit of 5098797?
8
What is the tens digit of 278466?
6
What is the hundred thousands digit of 4671523?
6
What is the hundred thousands digit of 1300112?
3
What is the thousands digit of 2443018?
3
What is the units digit of 174837?
7
What is the tens digit of 270823?
2
What is the units digit of 2665630?
0
What is the millions digit of 1848212?
1
What is the units digit of 3421427?
7
What is the hundred thousands digit of 291965?
2
What is the hundred thousands digit of 288187?
2
What is the ten thousands digit of 3380756?
8
What is the ten thousands digit of 1142232?
4
What is the units digit of 2341622?
2
What is the ten thousands digit of 55430?
5
What is the hundred thousands digit of 10547573?
5
What is the tens digit of 3442287?
8
What is the ten thousands digit of 213340?
1
What is the hundred thousands digit of 9486030?
4
What is the thousands digit of 12719246?
9
What is the ten thousands digit of 573739?
7
What is the thousands digit of 53499?
3
What is the thousands digit of 5897968?
7
What is the tens digit of 352073?
7
What is the thousands digit of 102522?
2
What is the hundreds digit of 21415321?
3
What is the hundreds digit of 49982?
9
What is the hundreds digit of 1826431?
4
What is the thousands digit of 26508?
6
What is the thousands digit of 565935?
5
What is the millions digit of 1123575?
1
What is the tens digit of 229094?
9
What is the hundred thousands digit of 1533019?
5
What is the thousands digit of 205197?
5
What is the units digit of 187444?
4
What is the units digit of 4131953?
3
What is the ten thousands digit of 5179584?
7
What is the hundred thousands digit of 983626?
9
What is the tens digit of 4873283?
8
What is the hundreds digit of 11701031?
0
What is the hundred thousands digit of 8234736?
2
What is the hundred thousands digit of 455169?
4
What is the hundreds digit of 2418211?
2
What is the hundreds digit of 1832954?
9
What is the hundred thousands digit of 17226075?
2
What is